837 composite?
False
Is 32034593 a composite number?
False
Is 117993643 a composite number?
False
Is 9362321 a composite number?
False
Is 5330069 a composite number?
False
Is 16545421 a prime number?
True
Is 216563123 composite?
True
Is 35615059 composite?
False
Is 17120371 composite?
True
Is 1520639 a composite number?
False
Is 11652827 composite?
False
Is 3716369 composite?
False
Is 85488187 a composite number?
False
Is 41268787 a prime number?
False
Is 29055407 composite?
True
Is 644638 a composite number?
True
Is 75909401 a prime number?
True
Is 7472761 composite?
False
Is 20001817 composite?
True
Is 4840313 a composite number?
False
Is 15270023 composite?
True
Is 37165741 composite?
False
Is 5497573 a prime number?
True
Is 142688477 a prime number?
True
Is 45092519 composite?
False
Is 42714263 a prime number?
True
Is 40782307 a prime number?
True
Is 5606245 a prime number?
False
Is 14531431 prime?
False
Is 15161743 prime?
False
Is 12202091 a prime number?
False
Is 1283473 prime?
True
Is 1083409 prime?
True
Is 101961251 a composite number?
True
Is 1685681 prime?
True
Is 17611403 a composite number?
True
Is 7255389 prime?
False
Is 217204349 a composite number?
True
Is 20627941 a composite number?
True
Is 8028377 prime?
False
Is 619247 a composite number?
False
Is 11258651 a prime number?
True
Is 21463121 prime?
False
Is 2423789 a composite number?
False
Is 33192587 a composite number?
False
Is 3791789 composite?
False
Is 48381563 prime?
False
Is 4075705 prime?
False
Is 4608503 a prime number?
False
Is 3316843 a prime number?
True
Is 3612919 a composite number?
False
Is 13406651 composite?
False
Is 94411742 a prime number?
False
Is 2883851 prime?
True
Is 541815727 a prime number?
True
Is 24736741 a composite number?
False
Is 138497257 a prime number?
True
Is 12312659 a prime number?
False
Is 47555387 prime?
False
Is 7108553 a prime number?
True
Is 79690589 composite?
True
Is 52274477 composite?
False
Is 247069193 a composite number?
True
Is 78953243 a prime number?
True
Is 1380497 a composite number?
True
Is 2362243 prime?
False
Is 152221339 a composite number?
False
Is 8210603 a prime number?
False
Is 2997983 a composite number?
True
Is 125414753 composite?
True
Is 8791487 a prime number?
True
Is 77346097 prime?
False
Is 252180609 a composite number?
True
Is 27112451 prime?
True
Is 10464851 prime?
True
Is 9023241 a prime number?
False
Is 69862249 a composite number?
True
Is 524653933 composite?
False
Is 43798879 a composite number?
True
Is 7302299 prime?
False
Is 2514241 composite?
False
Is 649161497 a prime number?
False
Is 2528759 a composite number?
True
Is 22058519 prime?
False
Is 204871291 a prime number?
True
Is 16127597 a prime number?
False
Is 2051923 composite?
False
Is 831529 composite?
False
Is 403576373 a prime number?
True
Is 423654221 a composite number?
False
Is 10391531 prime?
True
Is 6215899 a composite number?
True
Is 731852971 prime?
True
Is 720507 composite?
True
Is 104560877 prime?
True
Is 19311157 composite?
True
Is 367654961 a composite number?
False
Is 24980441 prime?
True
Is 1605719 composite?
False
Is 337969 prime?
True
Is 25162411 a composite number?
True
Is 5649955 composite?
True
Is 188836577 a composite number?
False
Is 9138673 composite?
True
Is 1076146 a composite number?
True
Is 2360417 a prime number?
True
Is 5192119 a prime number?
False
Is 2241143 a composite number?
True
Is 267037 composite?
False
Is 25669957 prime?
True
Is 6486969 composite?
True
Is 117988063 composite?
True
Is 38033015 composite?
True
Is 3403654 a composite number?
True
Is 22656551 prime?
True
Is 921271 composite?
True
Is 100609951 a composite number?
True
Is 2612499 a composite number?
True
Is 605233 a composite number?
False
Is 34687193 prime?
True
Is 11819599 a prime number?
False
Is 35245153 a composite number?
True
Is 1135711 composite?
False
Is 2490599 composite?
False
Is 5843267 a composite number?
False
Is 46361065 a composite number?
True
Is 6595513 a prime number?
True
Is 2167797 prime?
False
Is 72483323 prime?
False
Is 31469651 prime?
False
Is 527143 a composite number?
False
Is 8684213 prime?
True
Is 135766142 composite?
True
Is 23302613 prime?
True
Is 282573023 a prime number?
True
Is 64229159 composite?
False
Is 313207 prime?
True
Is 31640867 composite?
False
Is 47666837 prime?
False
Is 20471699 composite?
False
Is 975377 composite?
True
Is 32934497 a composite number?
True
Is 472457 a composite number?
False
Is 56096219 a prime number?
False
Is 71372263 prime?
False
Is 205399171 composite?
False
Is 13693447 prime?
False
Is 156581753 a composite number?
False
Is 1487933 a prime number?
True
Is 53310329 a prime number?
True
Is 73171691 composite?
False
Is 126558709 a prime number?
False
Is 49433009 a composite number?
False
Is 12481351 a composite number?
False
Is 314331827 composite?
False
Is 57150361 prime?
True
Is 352995143 composite?
False
Is 12539399 a prime number?
False
Is 5067635 a prime number?
False
Is 4096199 composite?
False
Is 92917079 composite?
True
Is 577553 a prime number?
False
Is 39286847 a prime number?
False
Is 867733 a composite number?
False
Is 128022781 composite?
True
Is 362259389 prime?
False
Is 5026783 a composite number?
True
Is 374969363 a composite number?
False
Is 147553303 a prime number?
False
Is 302831 prime?
True
Is 7425793 composite?
True
Is 940397 a composite number?
True
Is 7720793 a composite number?
True
Is 8207717 composite?
True
Is 2384297 prime?
True
Is 2878522 a composite number?
True
Is 164071 a composite number?
False
Is 3219989 a composite number?
False
Is 20957837 prime?
True
Is 1275669427 composite?
False
Is 3925879 a prime number?
False
Is 26051027 composite?
False
Is 148382593 composite?
False
Is 156360377 composite?
False
Is 343709 prime?
True
Is 5478203 a composite number?
True
Is 2398271 composite?
True
Is 226477 prime?
False
Is 777167933 a prime number?
True
Is 7557987 a composite number?
True
Is 2819407 prime?
True
Is 50448115 a composite number?
True
Is 9752707 prime?
True
Is 8083 composite?
True
Is 11574779 a prime number?
True
Is 203901551 composite?
True
Is 973223 prime?
False
Is 253850567 a prime number?
True
Is 3872273 a prime number?
True
Is 2092191 composite?
True
Is 31572149 prime?
False
Is 7636997 a prime number?
True
Is 170476583 a composite number?
True
Is 7789813 a composite number?
False
Is 2423521 prime?
True
Is 167470343 a prime number?
False
Is 3745901 composite?
True
Is 6537757 composite?
False
Is 43019051 composite?
True
Is 15172657 a prime number?
True
Is 559049 composite?
False
Is 99107891 prime?
True
Is 55570813 composite?
False
Is 146563 composite?
False
Is 13834921 prime?
True
Is 4530937 composite?
False
Is 22176082 a prime number?
False
Is 4131733 a composite number?
True
Is 9256469 a composite number?
False
Is 599927 a prime number?
True
Is 26495947 prime?
True
Is 1223419 prime?
True
Is 66469453 a prime number?
False
Is 35732911 composite?
True
Is 8881079 a prime number?
False
Is 8626913 a composite number?
True
Is 168192793 a prime number?
True
Is 19745927 prime?
False
Is 8405807 a composite number?
False
Is 3965321 prime?
False
Is 65144851 prime?
True
Is 30323309 a composite number?
False
Is 54883141 composite?
True
Is 25064841 a composite number?
True
Is 7530209 prime?
True
Is 144746219 prime?
False
Is 1260109 prime?
False
Is 60055573 a composite number?
False
Is 13243031 a prime number?
True
Is 4267213 a composite number?
True
Is 14633495 composite?
True
Is 4348691 prime?
True
Is 112150153 a composite number?
False
Is 97523807 prime?
False
Is 82316731 prime?
False
Is 8182703 prime?
True
Is 1492063409 a composite number?
True
Is 44882681 a prime number?
True
Is 22851731 a prime number?
False
Is 3273997 a composite number?
True
Is 1889441 a composite number?
False
Is 2182029 composite?
True
Is 701089 a prime number?
True
Is 899191 a prime number?
False
Is 50934683 a composite number?
False
Is 24481939 a prime number?
False
Is 2149019 composite?
True
Is 10372279 composite?
True
Is 102948691 prime?
True
Is 7215779 a prime number?
True
Is 140524861 composite?
True
Is 2468643 composite?
True
Is 679733 prime?
True
Is 74563771 prime?
False
Is 1502083041 composite?
True
Is 18178154 a prime number?
False
Is 23797 a prime number?
False
Is 33147